 1 = -2*r - 1, 3*b = l*r + 9. List the prime factors of b.
2
Let o be -3 - (-7)/((-14)/(-16)). Suppose 6 = 6*v - o*v. What are the prime factors of v?
2, 3
Let t(m) = 3*m + 3. Let y be t(2). Suppose -56 = -y*u + 5*u. List the prime factors of u.
2, 7
Let f = -19 + -12. Let q = -22 - f. List the prime factors of q/(-6)*-1*10.
3, 5
Let t = -146 - -216. What are the prime factors of t?
2, 5, 7
Let s(z) = -4*z - 18. Suppose 49 = -6*u - 17. List the prime factors of s(u).
2, 13
Suppose -5*r + 36 = -104. What are the prime factors of r?
2, 7
Suppose d - 34 = 8. What are the prime factors of d?
2, 3, 7
Suppose -5*p = -8*p + 210. List the prime factors of p.
2, 5, 7
Let r(w) = w**2 + 9*w + 6. Let a be r(-9). Suppose s + 95 = a*s. List the prime factors of s.
19
Let w be (-6)/7*35*-1. Let q = -17 + w. List the prime factors of q.
13
Let g(p) = -p**3 - 4*p**2 - 7*p - 5. What are the prime factors of g(-4)?
23
Suppose -58 = -5*t + 322. List the prime factors of t.
2, 19
Suppose 5*u + 11 - 121 = 0. Let h(b) = 2*b**2 + b + 4. Let v be h(-4). Let y = v - u. List the prime factors of y.
2, 5
Let f(o) = o**2 - 2*o + 2. Let r be f(2). Suppose 0*n - n = r. What are the prime factors of 54/4*n/(-3)?
3
Suppose 0 = 3*i - 0*i. Suppose y = -2*b - 2, 0 = -2*b - 2 - 6. Suppose y*g + d = 5*g + 22, -4*g - 3*d + 84 = i. List the prime factors of g.
2, 3
Let n be (-23 + -2)*(2 + -3). Suppose v - 2*v + n = 0. List the prime factors of v.
5
Suppose -2 - 3 = -o. Let z be 1 - 2*2/4. Suppose 0 = 4*j - z*j + 16, u + o*j = -4. List the prime factors of u.
2
Suppose 5*u - 5*a = 120, 5*a - 11 - 9 = 0. Suppose -n + u = -3*n. Let s = n - -21. What are the prime factors of s?
7
Suppose 4*v = x + 146, x + 74 + 36 = 3*v. Let s = -22 + v. What are the prime factors of s?
2, 7
Suppose -2*i + 14 = -2*f, i + 19 = 3*f + 6*i. Let k(d) be the first derivative of 5*d**3/3 + d**2 - 1. What are the prime factors of k(f)?
2
Suppose 10 = -2*d + 4*d. Suppose -60 = -d*y + 55. What are the prime factors of y?
23
Let z be (-4)/(-10) - (-2)/(-5). Suppose -n + 0*n = z. Suppose 3*b + 0*b - 33 = n. List the prime factors of b.
11
Suppose 5*u - 131 = 3*u - 5*f, 0 = -4*u - 5*f + 277. What are the prime factors of u?
73
What are the prime factors of ((-2)/(-2) - -20)*12?
2, 3, 7
Let v(n) = n**3 - 3*n**2 - 8*n + 9. Let a be v(5). Suppose -u + 4*w + a = 4*u, 2*u + 5*w = 1. What are the prime factors of u?
3
Let y = 29 - 6. Let g = y - -15. What are the prime factors of g?
2, 19
Suppose -4*g = -16 - 12. Let f = g + -4. Suppose -51 = -4*p - 5*w + 2*w, f*p + w = 37. What are the prime factors of p?
2, 3
Suppose 4 = c + 3, 0 = 3*f + 5*c - 5. Suppose 0 = -4*o, -2*w + o + 2 = -f*o. Suppose w = z - 14. List the prime factors of z.
3, 5
Let n = 7 + -3. Let v = n - -2. Suppose 0 = v*j - 5*j - 3. What are the prime factors of j?
3
Suppose 0 = 5*h - 4*h. Let x = h + 6. List the prime factors of x.
2, 3
Suppose -3 - 1 = 3*x + 2*u, 3*u = 4*x + 11. Let d = x - -11. What are the prime factors of d?
3
Let a(l) = l**2 + 5*l + 6. Let x be a(-7). Suppose 0 = 3*v + 2*v - x. Suppose 5*u - 1 = j + 64, u - 32 = v*j. List the prime factors of u.
2, 3
List the prime factors of ((-6)/5)/((-89)/(-90) - 1).
2, 3
Let b(s) = s**2 - 7*s - 5. Let j be b(8). Let w = j - -3. Let x = -3 + w. What are the prime factors of x?
3
Let r be 20/(-12)*(-4 + -2). Let t = -6 + r. What are the prime factors of t?
2
Let f(j) = -j**2 - 14*j. Let b be ((-8)/(-12))/(2/(-27)). List the prime factors of f(b).
3, 5
Let t = -70 - -98. What are the prime factors of t?
2, 7
Suppose -o - 2 = -6. Let f(r) be the first derivative of 3*r**2/2 - 2*r + 2. What are the prime factors of f(o)?
2, 5
Let i be 10/6 - 5/(-15). What are the prime factors of (-18)/(-4*1/i)?
3
Let t(c) = -c + 8. Let o be t(4). Suppose -5*z = -o*i + 42, -5*z + 3*z - i = 9. Let y = z - -15. List the prime factors of y.
3
Suppose 2*s + 12 = 5*s. Suppose -s*w + 0*j + 25 = -j, -5*w + 35 = -2*j. Suppose 14 - w = i. What are the prime factors of i?
3
List the prime factors of 457/7 + 3/((-42)/4).
5, 13
Suppose -12*w = -9*w - 9. Let o(y) = 6*y**2 - 3*y - 1. What are the prime factors of o(w)?
2, 11
Let n be 2/((-4)/(-14))*-1. Let y be 2/(-5) + (-92)/(-5). Let v = n + y. List the prime factors of v.
11
Let s = 11 - 5. What are the prime factors of (-2 + 3)/(2/s)?
3
Let q be 382/8 + (-12)/(-48). Suppose 2*n + 0*n - w = 93, n = -w + q. List the prime factors of n.
47
Let h(u) = u**2 - 3*u - 1. Let w be h(5). Let t(o) = 7*o. Let l be t(w). Suppose -3*a - l = -3*f, 2*f + 4*a + 5 = 35. List the prime factors of f.
19
Suppose 3*h - 59 - 13 = 0. List the prime factors of h.
2, 3
Suppose -2*n + 12 = 3*n + r, 0 = 4*n + 3*r - 3. Let t be 1/(2/4) - -1. Let q = t + n. What are the prime factors of q?
2, 3
Let p(c) = -12 + 2*c - 4*c + 3*c + 3*c. What are the prime factors of p(8)?
2, 5
Let z = -3 + 7. Let n(k) = 2*k**2 - 4*k - 4. List the prime factors of n(z).
2, 3
Let j(z) = -2*z - 6. Let f = -22 - -16. Let h = f - 0. What are the prime factors of j(h)?
2, 3
What are the prime factors of (8558/8)/11 - 3/(-4)?
2, 7
Suppose -77 = 7*j - 0*j. Let h(r) = r + 32. What are the prime factors of h(j)?
3, 7
Let f be ((-384)/(-60))/((-2)/(-5)). Suppose f - 256 = -6*p. What are the prime factors of p?
2, 5
Let i be 0*(-1)/2 + 10. Suppose 5*o - 35 = i. What are the prime factors of o?
3
Let t = 12 - -4. List the prime factors of t.
2
Let z be (-17)/4 - 6/8. What are the prime factors of (-18)/z + 8/20?
2
Suppose 5 = -r - 5*v, -28 = -2*r - 2*r + 4*v. Suppose -x + 42 = 4*j, r*x = 4*j + 179 - 17. What are the prime factors of x?
2, 17
Let y(p) be the first derivative of 1 - 1/2*p**2 + 9*p. What are the prime factors of y(6)?
3
Let d = 197 + 1. What are the prime factors of d?
2, 3, 11
Let a(c) = -c**3 + 7*c**2 - c + 8. What are the prime factors of a(4)?
2, 13
Let x(b) = b + 4. Suppose -3*r + u + 9 = -4*u, -3*r - 5*u = 21. List the prime factors of x(r).
2
Let c = -209 + 44. List the prime factors of 8/(-10)*c/6.
2, 11
Let d = 23 + -24. What are the prime factors of (2/6)/(d/(-99))?
3, 11
Let a = -65 - -30. Let m be a*((-18)/(-15))/(-3). Suppose -4*t = -4*j - 56, -6*t - 2*j = -5*t - m. What are the prime factors of t?
2, 7
Suppose -l - 4*l = t + 42, -3*t = 2*l + 9. Let i = l - -23. List the prime factors of i.
2, 7
Suppose -4*k + 3*y - 214 = 0, 5*k - y + 277 = -2*y. Let c = 96 + k. Suppose -4*j - c = -3*o, 5*o + 6*j = 4*j + 25. What are the prime factors of o?
7
Let d(n) = 5*n**2 + 2*n + 1. Let w be d(-2). Suppose -4*y = -19 - 5. Suppose -w = -g + y. List the prime factors of g.
23
Suppose 2 + 3 = 5*p - 2*a, -5 = -5*p - a. Let g = 3 - 2. List the prime factors of p + g + (-5)/(-5).
3
Let u(i) = i**2 - 4*i + 2. Let y be u(4). Suppose 3*k - 2*m = 85, -y*m = -m - 4. List the prime factors of k.
31
List the prime factors of (-18)/4*(-80)/15.
2, 3
Let j(s) = -s**3 + 9*s**2 + 10*s - 8. List the prime factors of j(8).
2, 17
Let g(v) = v**2 + 3*v - 3. Let r(t) = -2*t**3 - 3*t**2 - 2*t - 2. Let i be r(-2). Let x = i + -11. What are the prime factors of g(x)?
7
Suppose -5*q + 330 = 2*v, 5*v - v - 198 = -3*q. What are the prime factors of q?
2, 3, 11
Let h(i) = 8*i + 30. List the prime factors of h(5).
2, 5, 7
Let x = -2 + 4. Let l(q) = q**x - 3*q - q**2 + 2 - q**2. List the prime factors of l(-2).
2
Let c = -24 - -83. List the prime factors of c.
59
Let f = 108 - -22. List the prime factors of (-6)/4*f/(-15).
13
Let x(s) = 3*s - 10. Suppose u - 7 = 1. Let m be (2/(-2))/((-1)/u). List the prime factors of x(m).
2, 7
Suppose 0*o - 4*o = -16. Suppose 0 = -n - 2*x - x + 6, o*n + 3*x = -21. Let j = n + 22. What are the prime factors of j?
13
Let u = 45 - 21. List the prime factors of u.
2, 3
Let s = 5 + -4. List the prime factors of s/(-3) - 136/(-12).
11
Let z = 219 - 154. Suppose 2*s - 7*s + z = 0. What are the prime factors of s?
13
Let l(m) = -m. Let p(i) = -10*i - 4. Let z(v) = -8*l(v) + p(v). List the prime factors of z(-7).
2, 5
Let z(d) = -d**3 + d**2 - d - 3. Suppose 0 = 2*s + 3*s - 2*q + 7, 4*s + 8 = q. List the prime factors of z(s).
2, 3
Let k = -7 + 14. What are the prime factors of k?
7
Let q(u) = 2 - 3*u + 0*u + 5*u**2 - 2*u**2. Let c be q(3). Suppose c = 5*d - 5*s, 0*s + 41 = 5*d + 2*s. List the prime factors of d.
7
Let f = 5